the hundreds digit of y?
8
Let i(s) be the first derivative of s**4/2 - s**3 - 6*s**2 - s + 36. What is the units digit of i(6)?
1
Let i = 7914 - 5964. What is the units digit of i?
0
Let u(g) = 342*g - 80. Let k be u(5). Suppose 629 = -7*l + k. What is the tens digit of l?
4
What is the units digit of 247680/2304*-454*(-2)/10?
1
Suppose 0 = 3*z + 122 - 482. Suppose 4*d + z = 10*d. Let v(l) = 4*l - 45. What is the tens digit of v(d)?
3
Let n(p) = p**2 - 11*p - 27. Suppose 0 = -5*m - v + 5 - 29, -m + 4*v = -12. What is the units digit of n(m)?
3
Let c = 121526 - 84228. What is the ten thousands digit of c?
3
Let o(a) = -3*a**3 + a**2 - 134*a + 81. What is the thousands digit of o(-16)?
4
Let r(w) = 2*w. Let s(k) = -k**2 + 37*k + 18. Let b(o) = 4*r(o) + s(o). What is the hundreds digit of b(14)?
4
Let w(y) be the third derivative of y**5/12 + y**4/6 + y**3/2 + 5*y**2. What is the units digit of w(6)?
7
Suppose x - 43022 = -5*k + 10*k, 3*x - 5*k = 129006. What is the hundreds digit of x?
9
Let k(u) = -2*u**2 - 11*u + 15. Suppose -2 = g - 17. Let c be g/5*(1 - 3). What is the units digit of k(c)?
9
Suppose b - 742 = -2*n, -4*b - 5*n = -2194 - 789. Suppose -5942 + b = -15*w. What is the units digit of w?
6
Suppose 4*i + v = -i + 42, 24 = 4*i - 4*v. Let b be (0 - -2)/((i/85)/(-4)). Let r = b - -104. What is the units digit of r?
9
Let g = 5685 - 143. What is the units digit of g?
2
Suppose -191*l = -175*l - 64. Suppose q - 2*b - 798 = 69, 5*q = -l*b + 4279. What is the tens digit of q?
5
Let h be ((-10)/(-3) + 0)*18. Let w(m) = -m**3 + 6*m**2 + 70*m - 26. Let r be w(11). Let q = r - h. What is the units digit of q?
9
Let w(j) = 39*j**3 - 9*j**2 + 18*j - 96. What is the hundreds digit of w(6)?
1
Suppose -4*l - 5*q + 4872 = 0, 5*l - 3377 - 2680 = 2*q. What is the thousands digit of (-3 + 0 - -2)*(-8 - l)?
1
Let y(z) = -4*z**3 + z + 1. Let p be y(-1). Suppose j = -2, -p*v - 14 = -3*j + 60. Let n = v + 25. What is the units digit of n?
5
Suppose 9*q + 87 = 15. What is the units digit of 65 - (12/q)/((-3)/(-4))?
7
Suppose -7*i - 17718 + 68825 = 0. What is the tens digit of i?
0
Suppose 315 + 2443 = 2*u. What is the hundreds digit of u?
3
Let a(u) = 14*u**2 - 5 + 26479*u**3 - 3 - 26478*u**3 + 18*u. Suppose -p - 5*b = -0*p + 33, -2*b - 42 = 4*p. What is the tens digit of a(p)?
3
Suppose -4*t + 7344 = -3*n + 35083, 27744 = 3*n - 3*t. What is the tens digit of n?
5
Let c = -229 - -234. Suppose -3*f = b - 145, -c*f + 195 = -f + 3*b. What is the units digit of f?
8
Suppose 4*b + f - 65126 = 0, 0 = -b - f + 20758 - 4478. What is the thousands digit of b?
6
What is the hundreds digit of (2/(-6))/(21/(-3) - (-14656538)/2093793)?
6
Let c(q) = -2*q**2 - 14*q - 9. Let g be c(-6). Suppose 0 = -2*x + m + 899, 0 = m - g - 0. What is the tens digit of x?
5
Let n be (-3 - -9)/(-3 - -1) - -4. What is the hundreds digit of 1*(-2)/6*(-448 + n)?
1
Suppose 262*m = -67*m + 11846961. What is the tens digit of m?
0
Let l(d) = 3*d**2 - 52*d + 49. Let y be (-7 + 76)*(-1)/(-3). What is the hundreds digit of l(y)?
4
Let i(w) = w**3 + 38*w**2 - 7*w - 105. What is the thousands digit of i(-30)?
7
Let x(w) = w**2 - 5*w + 602. Suppose 2*v = 5*i - 25, 0 = -0*v + 2*v + 2*i - 10. Let m be x(v). Suppose 0 = -7*f - 0*f + m. What is the units digit of f?
6
What is the hundreds digit of 18945 - 9 - (39 - 20)?
9
Let k(y) = 15 - 2*y**3 - 5 - 8 + y**2 + 6*y. What is the units digit of k(-4)?
2
Let n(o) = -2*o**3 - 6*o**2 + 2. Let m be n(-3). Suppose 3*f = 5*w + 90, 0*w + 3*f - 36 = m*w. Let c = 125 - w. What is the units digit of c?
3
Let d = 277 + -265. Suppose -d*x + 1339 = -5309. What is the units digit of x?
4
Suppose 4*u - 38*q = -37*q + 3149, -5*u + 5*q = -3955. Suppose -u = -7*s + 1181. What is the hundreds digit of s?
2
Suppose 0 = -2*x + 2*t + 39198, 97963 = 5*x - 3607*t + 3610*t. What is the ten thousands digit of x?
1
Let d(v) = v**2 + 3*v - 4. Let f be d(-4). Suppose 0*u + 3*t + 186 = u, f = t + 3. What is the hundreds digit of u?
1
Let l be ((-528)/28)/((-5)/35). Suppose 48 = -k - 3*x - 0*x, 3*k = 3*x - l. Let h = k - -111. What is the units digit of h?
6
Suppose -2*x = -11 + 5. Suppose x*b - 3 - 6 = 0. Suppose -b*j - 150 = -6*j. What is the tens digit of j?
5
Let h = -6581 - -21188. What is the tens digit of h?
0
Suppose 19*u = 2*u - 442. Let r be -1 - 0 - -32 - 1. Let p = r + u. What is the units digit of p?
4
Let s(f) = -2*f**3 + 6*f**2 + 14*f - 12. Let h be s(4). Let z = -48 + 98. Suppose 2*p - 3*j - 76 = 0, -p - j = h - z. What is the units digit of p?
8
What is the tens digit of 8808 + 236 - 10/(-2)?
4
Let g be (-2)/(-1*(-7)/(-10864)). Suppose 7904 = 8*h - g. What is the units digit of h?
6
Let w(d) = -d**3 + 16*d**2 - 20*d - 12. Let a be 23/2 + 1/2. What is the hundreds digit of w(a)?
3
Let n(b) = -b**2 + 1. Let r(y) = y**3 + 8*y**2 + 3*y - 9. Let a(k) = -3*n(k) - r(k). Let m be a(-4). What is the units digit of 3 + -5 + 2 - (-102)/m?
1
What is the hundreds digit of 118685/21 - (17/(-68))/((-6)/(-8))?
6
Suppose -4*s = -4, 5*q - q - 2352 = -4*s. Suppose -3*a + q = -l - 728, -5*a - 2*l + 2199 = 0. What is the hundreds digit of a?
4
Let p(o) = -50*o - 108. Let b = -500 + 486. What is the units digit of p(b)?
2
Suppose 3*y + y - k = 109, -2*y + 57 = -k. What is the tens digit of y/(((-640)/645 - -1)*6)?
5
Let g(s) = -32 + 237 - 91*s + 92 + 262. Let d(a) = 9*a - 56. Let p(n) = 39*d(n) + 4*g(n). What is the tens digit of p(-10)?
8
Suppose -40*o + o = 23439. Let v = o - -700. What is the units digit of v?
9
Let y(k) = -11*k + 8. Let g be y(0). Suppose -g*t = -5111 - 3721. What is the tens digit of t?
0
Suppose 7*i = -0 - 49. Let z be (100 + -2)/(i/(28/(-8))). Let l = -24 + z. What is the units digit of l?
5
Let x = -55 - -57. Suppose 4*a - x*a - 788 = 0. Let k = a - 272. What is the units digit of k?
2
Let i = 209 + -101. Let c = i + -97. What is the units digit of c?
1
What is the tens digit of -4 + 159972/20 + 3/(-5)?
9
Suppose 2430*u - 2432*u = 4*i - 33426, -5*u = 4*i - 33435. What is the units digit of i?
5
Let t(n) = -6*n + 24. Let v(h) = h**2 + 4*h + 4. Let p be v(-2). Suppose -4*a - 40 + 8 = p. What is the tens digit of t(a)?
7
Let m be 6 - (6 + (-9)/3). Suppose -312 = -q - 2*z, 0 = -m*q - 5*z - 0*z + 935. Suppose 0 = 5*d - 3*j - q, 4*j = 3*d + 102 - 288. What is the units digit of d?
2
Let v = -8320 + 35224. What is the hundreds digit of v?
9
Let j be (1 - 30/(-8)) + (-3)/(-12). Suppose 5*g = -j, -4*g - 5928 = -3*s - 7*g. Suppose -7*x - 269 = -s. What is the hundreds digit of x?
2
Suppose -3*n - 4*i - 2 = 36, -n + 14 = -4*i. Let g(s) = 2*s**3 + 15*s**2 - 8*s - 15. What is the tens digit of g(n)?
4
Suppose 161*j - 1331448 = 74*j. What is the tens digit of j?
0
Let c be -15*(2/2 + -2). Let o be (48/c)/(7/175). Let y = 90 - o. What is the tens digit of y?
1
Let u(b) = 667*b - 805. What is the thousands digit of u(4)?
1
Let q(v) = 2*v**2 + 453*v + 38569. What is the thousands digit of q(0)?
8
Suppose 7*j = 5*r + 2*j - 940, -2*j - 928 = -5*r. Let l(m) = -m + 3. Let c be l(-2). Suppose -c*n + 889 = r. What is the units digit of n?
1
Let v(m) = 381*m**3 - m**2 + 11*m - 23. What is the hundreds digit of v(2)?
0
Suppose -13*w + 17*w + 20 = 0. Let o be 279/(-15) - (-2)/w. Let t = o + 107. What is the units digit of t?
8
Let l be (-425)/(-17) - (-1 + 2 - 1). Suppose -l*w + 740 = -21*w. What is the units digit of w?
5
Suppose 9*p - 752 = 56*p. What is the hundreds digit of (-850 - p)*(-2)/4?
4
Let u = 13 + 3. What is the tens digit of (3 + (-180)/u)*-24?
9
Let h(y) = -y**2 - 8*y - 9. Let n be h(-5). Let f be 4/(-6) + 3340/n. Suppose 8*r + f = 12*r. What is the units digit of r?
9
Let a(s) = s**2 + 15*s + 3. Let n be a(-15). Suppose q = 4*o + n, -3*q + 49 + 40 = 4*o. Let z = q + 80. What is the units digit of z?
3
Suppose -2*h - 1355 = -3*h. Suppose 0 = 3*q + z - 1314, -398 = -4*q - z + h. What is the units digit of q?
9
Suppose -2*j + 1 = 7, -5*w - 4*j + 1253 = 0. Suppose -x + 3*c + 4 + w = 0, 3*x + 5*c = 743. What is the hundreds digit of x?
2
What is the tens digit of 8/28 - 271444/(-7)?
7
Suppose -4*n + 4*t = -79360, 12*n - n = 5*t + 218228. What is the ten thousands digit of n?
1
Suppose a - 4*s = -0*a + 40, -5*s = 5*a - 150. Suppose -2*l - 4*b + b = -18, -4*l = 5*b - a. What is